{"id":357,"date":"2023-03-08T13:41:20","date_gmt":"2023-03-08T13:41:20","guid":{"rendered":"https:\/\/identidadevisualcuritiba.com.br\/loja\/?post_type=product&#038;p=357"},"modified":"2023-03-08T13:41:45","modified_gmt":"2023-03-08T13:41:45","slug":"prolongador","status":"publish","type":"product","link":"https:\/\/identidadevisualcuritiba.com.br\/loja\/produto\/prolongador\/","title":{"rendered":"PROLONGADOR"},"content":{"rendered":"\n<table class=\"wp-block-table has-fixed-layout is-style-stripes\"><tbody><tr><td><strong>BITOLA<\/strong><\/td><td><strong>C\u00d3DIGO<\/strong><\/td><\/tr><tr><td>4 X 4<\/td><td>45634<\/td><\/tr><\/tbody><\/table>\n\n\n\n<p><\/p>\n\n\n\n<table class=\"wp-block-table\"><tbody><tr><td><strong>Sobre a   linha<\/strong><\/td><\/tr><tr><td>Aplicados\n  em instala\u00e7\u00f5es prediais de baixa tens\u00e3o, os produtos dessa linha podem ser\n  instalados embutidos (em paredes e lajes) ou aparentes (em locais\n  protegidos). A grande flexibilidade deles permite ainda que sejam curvados\n  com facilidade mantendo a qualidade e resist\u00eancia.&nbsp;<\/td><\/tr><tr><td>&nbsp;<\/td><\/tr><tr><td><strong>Caracter\u00edsticas<\/strong><\/td><\/tr><tr><td>\u2022 Sistema composto por\n  eletrodutos para paredes (amarelo) e para lajes (laranja);<\/td><\/tr><tr><td>\u2022 Adequado \u00e0s exig\u00eancias da\n  norma NBR 5410;<\/td><\/tr><tr><td>\u2022 Fabricados em PVC n\u00e3o\n  propagante de chamas;<\/td><\/tr><tr><td>\u2022 Dispon\u00edveis em bitolas\n  de&nbsp;DN 20, DN 25 e DN 32.<\/td><\/tr><tr><td>&nbsp;<\/td><\/tr><tr><td><strong>Vantagens<\/strong><\/td><\/tr><tr><td>\u2022 Grande flexibilidade;<\/td><\/tr><tr><td>\u2022 Alta resist\u00eancia \u00e0\n  compress\u00e3o diametral;<\/td><\/tr><tr><td>\u2022 Pode ser curvado com\n  facilidade;<\/td><\/tr><tr><td>\u2022 Encaixe simples dos tubos \u00e0s\n  caixas de luz e luvas de prote\u00e7\u00e3o.<\/td><\/tr><\/tbody><\/table>\n","protected":false},"excerpt":{"rendered":"<p>BITOLA C\u00d3DIGO 4 X 4 45634 Sobre a linha Aplicados em instala\u00e7\u00f5es prediais de baixa tens\u00e3o, os produtos dessa linha podem ser instalados embutidos (em paredes e lajes) ou aparentes (em locais protegidos). A grande flexibilidade deles permite ainda que sejam curvados com facilidade mantendo a qualidade e resist\u00eancia.&nbsp; &nbsp; Caracter\u00edsticas \u2022 Sistema composto por [&hellip;]<\/p>\n","protected":false},"featured_media":403,"comment_status":"closed","ping_status":"closed","template":"","meta":{"_et_pb_use_builder":"","_et_pb_old_content":"","_et_gb_content_width":""},"product_brand":[],"product_cat":[15],"product_tag":[],"class_list":{"0":"post-357","1":"product","2":"type-product","3":"status-publish","4":"has-post-thumbnail","6":"product_cat-sem-categoria","8":"first","9":"instock","10":"shipping-taxable","11":"product-type-simple"},"_links":{"self":[{"href":"https:\/\/identidadevisualcuritiba.com.br\/loja\/wp-json\/wp\/v2\/product\/357","targetHints":{"allow":["GET"]}}],"collection":[{"href":"https:\/\/identidadevisualcuritiba.com.br\/loja\/wp-json\/wp\/v2\/product"}],"about":[{"href":"https:\/\/identidadevisualcuritiba.com.br\/loja\/wp-json\/wp\/v2\/types\/product"}],"replies":[{"embeddable":true,"href":"https:\/\/identidadevisualcuritiba.com.br\/loja\/wp-json\/wp\/v2\/comments?post=357"}],"wp:featuredmedia":[{"embeddable":true,"href":"https:\/\/identidadevisualcuritiba.com.br\/loja\/wp-json\/wp\/v2\/media\/403"}],"wp:attachment":[{"href":"https:\/\/identidadevisualcuritiba.com.br\/loja\/wp-json\/wp\/v2\/media?parent=357"}],"wp:term":[{"taxonomy":"product_brand","embeddable":true,"href":"https:\/\/identidadevisualcuritiba.com.br\/loja\/wp-json\/wp\/v2\/product_brand?post=357"},{"taxonomy":"product_cat","embeddable":true,"href":"https:\/\/identidadevisualcuritiba.com.br\/loja\/wp-json\/wp\/v2\/product_cat?post=357"},{"taxonomy":"product_tag","embeddable":true,"href":"https:\/\/identidadevisualcuritiba.com.br\/loja\/wp-json\/wp\/v2\/product_tag?post=357"}],"curies":[{"name":"wp","href":"https:\/\/api.w.org\/{rel}","templated":true}]}}